 and 288216?
36
Calculate the highest common factor of 11832 and 2929.
29
Calculate the greatest common factor of 753 and 594.
3
Calculate the greatest common divisor of 306855 and 60.
15
What is the greatest common divisor of 66224 and 5072?
16
Calculate the greatest common divisor of 176 and 3916.
44
What is the greatest common factor of 13 and 2305693?
13
Calculate the highest common divisor of 367038 and 81.
27
Calculate the greatest common divisor of 142 and 31027.
71
What is the greatest common divisor of 2824515 and 1035?
1035
Calculate the greatest common divisor of 125 and 281375.
125
What is the greatest common divisor of 132 and 57444?
12
What is the highest common divisor of 55 and 594451?
11
Calculate the highest common divisor of 4360 and 200.
40
Calculate the greatest common divisor of 98301 and 434.
217
What is the greatest common factor of 4870 and 16558?
974
Calculate the greatest common factor of 72634 and 92.
46
What is the greatest common divisor of 9698 and 598?
26
What is the greatest common divisor of 710 and 71355?
355
What is the greatest common divisor of 10480 and 1660?
20
What is the highest common factor of 28584 and 6?
6
Calculate the highest common divisor of 245 and 8905.
5
Calculate the greatest common factor of 1729 and 127452.
247
Calculate the highest common divisor of 542 and 4085867.
271
Calculate the greatest common divisor of 1470 and 377040.
30
Calculate the highest common divisor of 45 and 392076.
9
What is the greatest common divisor of 187866 and 54?
54
What is the highest common divisor of 21098 and 1562?
22
Calculate the greatest common divisor of 954000 and 3.
3
Calculate the highest common factor of 54 and 2183085.
27
What is the highest common divisor of 9494 and 2525?
101
What is the highest common divisor of 306 and 38403?
153
What is the highest common divisor of 456 and 323?
19
What is the greatest common divisor of 4000 and 3008?
32
Calculate the greatest common divisor of 228 and 9861.
57
Calculate the greatest common divisor of 68839 and 46.
23
What is the greatest common factor of 2259 and 1302188?
251
Calculate the greatest common factor of 532 and 16948.
76
Calculate the highest common factor of 36820 and 8120.
140
What is the highest common factor of 132 and 8724?
12
Calculate the highest common factor of 235 and 515.
5
What is the greatest common divisor of 78 and 5110456?
26
Calculate the highest common divisor of 300 and 9200.
100
What is the highest common factor of 576 and 387756?
36
What is the highest common divisor of 9376 and 53326?
586
What is the highest common divisor of 1068 and 5856?
12
Calculate the highest common factor of 1835 and 3000.
5
What is the highest common divisor of 2328 and 184?
8
What is the highest common factor of 10 and 185720?
10
Calculate the highest common factor of 100 and 270700.
100
What is the highest common divisor of 45353 and 532?
133
What is the highest common divisor of 1295 and 219595?
185
What is the highest common factor of 700 and 2837800?
700
What is the greatest common factor of 173658 and 67440?
1686
Calculate the highest common divisor of 35397 and 276.
69
What is the greatest common factor of 57592 and 32?
8
What is the highest common divisor of 9 and 3751821?
9
Calculate the highest common divisor of 185220 and 70.
70
What is the greatest common factor of 49 and 1308237?
7
What is the greatest common factor of 54 and 384966?
54
What is the highest common divisor of 13226 and 187?
17
What is the highest common factor of 135 and 143415?
45
What is the greatest common factor of 30 and 23682?
6
What is the highest common factor of 65893 and 219308?
503
What is the highest common factor of 36437 and 249?
83
Calculate the greatest common divisor of 1850 and 2050.
50
What is the greatest common factor of 1320 and 3080?
440
Calculate the greatest common factor of 703 and 22829.
37
What is the highest common factor of 139745 and 95?
95
Calculate the greatest common factor of 28 and 1828.
4
What is the highest common factor of 221220 and 16020?
180
Calculate the greatest common factor of 111 and 40164.
3
What is the greatest common divisor of 388982 and 726?
22
What is the greatest common divisor of 3660 and 39894?
366
What is the greatest common factor of 24 and 30684?
12
What is the highest common factor of 799 and 1363094?
799
Calculate the greatest common factor of 8310 and 50.
10
Calculate the greatest common factor of 12768 and 3948.
84
Calculate the highest common factor of 84 and 27951.
21
What is the highest common divisor of 4119 and 768?
3
Calculate the highest common divisor of 1043658 and 798.
42
Calculate the greatest common divisor of 1381 and 2255173.
1381
What is the highest common factor of 15 and 7768515?
15
Calculate the greatest common factor of 1164 and 291.
291
What is the greatest common divisor of 26 and 48373?
13
What is the highest common factor of 3422 and 4602?
118
What is the highest common factor of 6998 and 2?
2
What is the greatest common factor of 1899 and 39668?
211
What is the greatest common divisor of 3775 and 1025?
25
Calculate the greatest common factor of 5 and 691.
1
Calculate the greatest common factor of 201643 and 52.
13
Calculate the highest common factor of 35385 and 3885.
105
What is the greatest common divisor of 2512 and 3336?
8
What is the highest common factor of 14 and 1673?
7
What is the highest common divisor of 2048 and 2147072?
256
What is the highest common factor of 4560 and 1840?
80
Calculate the highest common factor of 16370 and 15.
5
What is the greatest common factor of 44382 and 624?
78
Calculate the highest common factor of 25110 and 3100.
310
Calculate the greatest common divisor of 436080 and 1035.
345
What is the highest common divisor of 5 and 1047205?
5
Calculate the highest common factor of 188400 and 210.
30
Calculate the greatest common divisor of 50346 and 3573.
9
Calculate the greatest common factor of 3126 and 361574.
1042
Calculate the highest common factor of 3285 and 113150.
365
What is the highest common divisor of 1484565 and 19?
19
Calculate the highest common factor of 4 and 3413.
1
Calculate the highest common divisor of 15011 and 323.
17
What is the highest common divisor of 2400 and 20040?
120
Calculate the greatest common factor of 4970 and 204330.
70
What is the highest common divisor of 724 and 28417?
181
What is the greatest common divisor of 75 and 8747805?
15
Calculate the greatest common factor of 432 and 648.
216
Calculate the greatest common factor of 75 and 16325.
25
What is the highest common factor of 427096 and 1897?
271
Calculate the highest common divisor of 15352 and 68.
4
Calculate the greatest common factor of 8418 and 483.
69
What is the greatest common divisor of 158 and 474158?
158
What is the highest common factor of 92 and 100096?
92
Calculate the highest common factor of 2245 and 80.
5
Calculate the highest common divisor of 66836 and 2842.
98
What is the highest common factor of 1387 and 33580?
73
Calculate the greatest common factor of 676823 and 217.
217
What is the greatest common divisor of 357 and 93807?
21
What is the highest common factor of 936 and 19916?
52
Calculate the greatest common divisor of 26 and 34452548.
26
What is the highest common divisor of 1119 and 385309?
373
What is the highest common factor of 4 and 45404?
4
Calculate the highest common divisor of 715 and 28171.
143
What is the greatest common divisor of 75 and 5295?
15
Calculate the highest common factor of 210 and 83265.
105
What is the highest common divisor of 20126 and 8758?
58
Calculate the greatest common factor of 2396 and 7.
1
Calculate the highest common divisor of 955 and 327565.
955
What is the highest common factor of 5 and 979?
1
Calculate the highest common factor of 121695 and 1729.
133
Calculate the highest common factor of 3195 and 57069.
9
Calculate the highest common divisor of 372 and 532704.
372
Calculate the greatest common factor of 13 and 6151561.
13
Calculate the highest common divisor of 324253 and 235.
47
Calculate the greatest common factor of 175 and 2779.
7
Calculate the highest common divisor of 63 and 181545.
21
What is the greatest common factor of 294 and 1435308?
294
Calculate the greatest common factor of 260096 